ist the prime factors of o.
3, 11
Let h(i) be the second derivative of 41*i**3/2 + 25*i**2 + 11*i - 4. What are the prime factors of h(3)?
419
Let t = -137 + 135. List the prime factors of -3*t/(-3) + 11 + 402.
3, 137
Let p = -5490 + 8546. List the prime factors of (6 + 54/(-12))*p/6.
2, 191
Let u(c) be the third derivative of 11*c**4/24 - 2*c**3/3 + 9*c**2. Let z be u(-5). Let y = z - -204. List the prime factors of y.
5, 29
Suppose -4*c = -7*c + 12. Suppose v + w + 4 = 5*v, -c*v = -4*w + 8. Let f(i) = 9*i**3 - 3*i**2 + 4*i - 2. List the prime factors of f(v).
2, 3, 11
Let h be ((-12)/15)/((-30)/(-1275)). Let c = 224 - h. List the prime factors of c.
2, 3, 43
Let t(v) = 1069*v + 3533. List the prime factors of t(8).
5, 2417
Let i(b) = 51*b**3 - 15*b**2 + 103*b + 39. List the prime factors of i(8).
5, 11, 43
Let i = -16 - -21. Suppose y = 4*a + 2*y - 10, 0 = -5*a - i*y + 20. List the prime factors of 1/((-9)/12*a/(-177)).
2, 59
Suppose -278*t + 404988 = -43148. What are the prime factors of t?
2, 13, 31
Suppose -11*x - 4 = -13*x. Suppose 0 = -5*m - x*u + 50, -20 = -2*m - 2*u + 5*u. List the prime factors of 1776/7 + m/35.
2, 127
Let f(p) = -589*p**3 - 4*p**2 - p + 4. What are the prime factors of f(-2)?
2, 2351
Suppose -3*u - 5740 = -d - 981, 23781 = 5*d - u. List the prime factors of d.
2, 29, 41
List the prime factors of (-36412)/(-11) - (7 + 212/(-44) - 2).
2, 5, 331
Let c = 24 + -16. Let n be c - (4 - (2 - 1)). Suppose 4*t = l - n*l + 92, 4*t = -2*l + 50. What are the prime factors of l?
3, 7
Let t = -3562 - -46954. List the prime factors of t.
2, 3, 113
Let u(h) be the second derivative of 23*h - 13/6*h**3 + 0 - 11*h**2. List the prime factors of u(-20).
2, 7, 17
Suppose -h - 11 = -16. Suppose -h*o = -20 - 5. Suppose -o*d = -0*d - 20. What are the prime factors of d?
2
Let g = -9665 + 9727. What are the prime factors of g?
2, 31
Suppose 3*g - 4*s = 2394, -3485 - 505 = -5*g - 2*s. Suppose 0*j + g = 7*j. List the prime factors of j.
2, 3, 19
Let d = 6241 + 615. List the prime factors of d.
2, 857
Let c be 10868/14 - (10/35)/1. Suppose 0 = -11*y + c + 1897. What are the prime factors of y?
3
Suppose -6*r + 230 = 17*r. Suppose r*k = 3744 - 984. What are the prime factors of k?
2, 3, 23
Let h(v) = 17*v - 14. Let k(y) be the third derivative of -3*y**4/4 + 13*y**3/6 + 32*y**2. Let i(n) = 5*h(n) + 6*k(n). List the prime factors of i(-9).
5, 43
Let p(u) = u - 7. Let v be p(-17). Let k be 1*-4*42/v. List the prime factors of 76 + 8/(k + -3).
2, 3, 13
Let l(x) = -51147*x - 933. What are the prime factors of l(-1)?
2, 3, 8369
Suppose 2*l + 7 = 3, -5*l = -4*j + 142. Suppose 6*y + 14040 = j*y. What are the prime factors of y?
2, 5, 13
Let r = 57503 + -24293. List the prime factors of r.
2, 3, 5, 41
Suppose 4*q - 40 = -432. List the prime factors of 22544/14 + ((-70)/q - 1).
2, 5, 7, 23
Let y = 1 + 16. Let h = 425 - 421. Let w = y - h. What are the prime factors of w?
13
Let t = -22583 + 45471. What are the prime factors of t?
2, 2861
Let l = 19 + -34. Let p be 81/l + 5 - (-204)/10. List the prime factors of 1376/14 - 1 - p/70.
97
Let t = 1945 + 5590. What are the prime factors of t?
5, 11, 137
What are the prime factors of (23 - 22)/(1*3/27321)?
7, 1301
Let p(s) = 105*s**2 + 354*s - 24. List the prime factors of p(11).
3, 5, 13, 17
Let o(m) = 2*m - 22. Let w be o(13). Suppose 2*b + 3*y = -2*y + 180, w*y - 450 = -5*b. What are the prime factors of b?
2, 3, 5
Let d(t) = 146*t + 92. Let j(w) = -143*w - 93. Let g(x) = 3*d(x) + 4*j(x). List the prime factors of g(-4).
2, 5, 11
Let z = 43 + -39. Suppose 4*g - 2*q + z = -14, -4*g - q - 9 = 0. List the prime factors of -27*(-1 - g/(-9)) + -2.
2, 17
Let l(u) = 12*u + 22. Let o be l(-11). Let v = 54 + o. Let a = 51 - v. List the prime factors of a.
107
Suppose -5*n - 6 = -4*p - 56, 30 = 3*n - 5*p. Let k(t) = -14*t + n*t + 7 - 13*t. List the prime factors of k(-8).
11, 13
Suppose 0 = -5*u + 20, a - 627 = -4*u + 2202. What are the prime factors of a?
29, 97
Suppose -151749 = -3*j + 2*q, 5*j + 5*q - 90050 = 162890. What are the prime factors of j?
5, 67, 151
Suppose -5*r - 14*s + 20*s + 11632 = 0, 8 = -4*s. List the prime factors of r.
2, 7, 83
Let v be 0/(2 + 1 + -1). Suppose 4 = -2*g - j - 3, 2*j + 6 = v. List the prime factors of ((-138)/10)/(9/5 + g).
3, 23
Suppose 98*l + 685532 - 2709232 = 0. List the prime factors of l.
2, 5, 7, 59
Suppose -55*d = 166*d - 4484090. What are the prime factors of d?
2, 5, 2029
Let z(t) = 380*t**2 + 46*t + 379. What are the prime factors of z(-7)?
19, 983
Suppose f - 7*v = -2*v + 1762, -3584 = -2*f - 5*v. Suppose -6*b + 666 = f. Let u = -121 - b. List the prime factors of u.
5, 13
Suppose -47 = -4*d + 5*y - 16, -3*d = 4*y. Suppose -31*k + 14418 = -d*k. What are the prime factors of k?
2, 3, 89
Let n = -251 + 234. Let t = n + 132. What are the prime factors of t?
5, 23
Let g be ((-113)/2)/((-3)/(-6)). Let a = 52 - g. What are the prime factors of a?
3, 5, 11
Suppose -7*j - 56318 = -10*j + 5*d, 4*j = -d + 75060. What are the prime factors of j?
2, 11, 853
List the prime factors of ((-16)/(-48))/((-1)/(-69294)*2).
11549
What are the prime factors of 224/88 + -2 - (-400640)/44?
2, 29, 157
Let n be (6/2)/((-66)/(-44)). Suppose -f = 5*q - 183, n*f - 72 = -4*q + 288. List the prime factors of f.
2, 89
Let r(d) = -9*d. Let z = -19 + 33. Let v be r(z). Let t = -67 - v. List the prime factors of t.
59
Let g(w) = w**3 - 31*w**2 + 29*w + 35. Let i be g(30). Let b be (-3)/3*-5*1. Suppose i*a + 2*j = 17, 6 + 11 = 4*a + b*j. What are the prime factors of a?
3
List the prime factors of (7/(273/5876))/((-4)/(-42)).
2, 7, 113
Let g(d) be the third derivative of d**5/60 - 11*d**4/24 + 11*d**3/2 - 2*d**2. Let k be g(8). Suppose 0 = -k*w + 64 + 2051. What are the prime factors of w?
5, 47
Let k = 24 - 10. Let q be 1/(-1*4/(-44)). Suppose -q*a - 177 = -k*a. List the prime factors of a.
59
Let q = -234 - -236. Suppose q*z - 3772 = -4*l, -l + 5*z - 1878 = -3*l. What are the prime factors of l?
2, 59
Let c = -14081 + 13949. Let h = 566 + -366. Let u = c + h. What are the prime factors of u?
2, 17
Suppose -y + 115 = 2*g, 5*y = 6*g - 7*g + 566. Suppose -109*l = -y*l + 5240. List the prime factors of l.
2, 5, 131
Suppose u - 228 = 58. List the prime factors of ((165/10)/(-11))/((-3)/u).
11, 13
What are the prime factors of (45*(-3)/6)/((-87)/50692)?
2, 3, 5, 19, 23
Let t be 0/(3 + -5 - -3). Suppose 23*c - 26*c + 1149 = t. Suppose -11*a + 563 = -c. What are the prime factors of a?
2, 43
Suppose -6903*l = -6848*l - 1191410. What are the prime factors of l?
2, 10831
Let u(d) = 8 + 2*d - 3*d**2 + 11*d + 13*d - 8*d - d**3. Let p be u(-7). What are the prime factors of ((p + 5)*-2)/((-4)/2)?
83
Suppose -2*k + 5*k = q + 52, -4*k = -2*q - 72. What are the prime factors of 340 - 1/(4/k)?
2, 3, 7
Let k(y) = 44*y + 159. Let w(h) = 132*h + 478. Let s(u) = 11*k(u) - 4*w(u). What are the prime factors of s(-10)?
277
Let z(q) = 35*q**3 + 6*q**2 + 5*q + 10. List the prime factors of z(4).
2, 7, 13
Let c(w) = w + 4*w**2 + 2*w - 1 - w. Suppose -4*v + 15 = 3*l, 2*v = l + 2 + 3. List the prime factors of c(v).
41
Let v be (-2)/(4 - 6)*-4 - -162. Let r = v + -50. List the prime factors of r.
2, 3
Let h(r) = -2*r**3 + 15*r**2 - 2*r + 84. Let b be h(8). Suppose 2*p = -3*p. Suppose b*q - 74 - 2 = p. List the prime factors of q.
19
Let r = 140 - 138. What are the prime factors of (-1023)/(-6) + 1/r?
3, 19
Let q = 9 + -9. Suppose q = 6*h - h - 25. Suppose 364 = h*u + 2*u. List the prime factors of u.
2, 13
Suppose 0 = -1177*n + 1171*n + 179334. What are the prime factors of n?
3, 41
Let m = 15 + -10. Suppose 0 = -m*q + 10, 2*h = 5*h + q + 112. List the prime factors of 3/(-2) - 5263/h.
137
Let v = 8088 + -287. List the prime factors of v.
29, 269
Let v = 79 + -75. Let m be ((-3)/(-3))/(v/8). Let k(a) = 12*a**3 - a**2 - a - 6. List the prime factors of k(m).
2, 3, 7
Let j = -6667 - -10510. Suppose j + 4125 = 8*x. What are the prime factors of x?
2, 3, 83
What are the prime factors of (-178)/(-3)*(-16)/(672/(-21483))?
11, 31, 89
Let l be (-30)/195 + (-4)/(-26). Suppose 3*j + 1176 - 6120 = l. List the prime factors of j.
2, 103
List the prime factors of ((-496)/(-3))/(-17 + 2170/126).
2, 3, 31
Suppose 3*n + 187 = 4*c, -4*n = -c -